{"id":317,"date":"2016-11-16T08:17:32","date_gmt":"2016-11-16T08:17:32","guid":{"rendered":"http:\/\/themebubble.com\/demo\/marketingpro\/?page_id=317"},"modified":"2018-02-22T14:53:37","modified_gmt":"2018-02-22T17:53:37","slug":"home-marketing","status":"publish","type":"page","link":"https:\/\/www.cgbox.com.br\/","title":{"rendered":"Home Marketing"},"content":{"rendered":"<p>[vc_row full_width=&#8221;stretch_row_content_no_spaces&#8221; fluid=&#8221;stretch_row_content&#8221;][vc_column]<div  class=\"swiper-container \" data-autoplay=\"0\" data-loop=\"0\" data-speed=\"500\" data-center=\"0\" data-slides-per-view=\"1\" data-add-slides=\"2\"><div class=\"swiper-wrapper clearfix\"><div class=\"swiper-slide active\" data-val=\"0\"><div class=\"tt-mslide background-block\" style=\"background-image:url(https:\/\/www.cgbox.com.br\/wp-content\/uploads\/2016\/11\/bg_2.jpg);\"><div class=\"container\"><div class=\"tt-mslide-inner\"><h1 class=\"c-h1 color-2 white\">SEU BOX DE SOLU\u00c7\u00d5ES COMPLETAS E CUSTOMIZ\u00c1VEIS<\/h1><div class=\"simple-text size-2 color-4\"><p>A caixa de solu\u00e7\u00f5es que sua empresa precisa<\/p><\/div><a class=\"c-btn type-1\" href=\"https:\/\/www.cgbox.com.br\/index.php\/contato\/\" target=\"_self\">Solicite uma visita<\/a><div class=\"empty-space marg-lg-b70 marg-md-b50 marg-xs-b30\"><\/div><div class=\"empty-space marg-lg-b200 marg-xs-b160\"><\/div><div class=\"empty-space marg-lg-b200 marg-md-b150 marg-sm-b100 marg-xs-b0\"><\/div><div class=\"empty-space marg-lg-b55 marg-md-b0\"><\/div><div class=\"tt-mslide-img type-2\"><img class=\"img-responsive\" src=\"https:\/\/www.cgbox.com.br\/wp-content\/uploads\/2018\/02\/cgbox.png\" height=\"454\" width=\"845\" alt=\"\"><\/div><\/div><\/div><\/div><\/div><\/div><div class=\"pagination type-1 pos-1 visible-xs-block\"><\/div><div class=\"swiper-arrow-left tt-arrow-left type-1  pos-1 hidden-xs\"><span class=\"lnr lnr-chevron-left\"><\/span><\/div><div class=\"swiper-arrow-right tt-arrow-right type-1  pos-1 hidden-xs\"><span class=\"lnr lnr-chevron-right\"><\/span><\/div><\/div>[\/vc_column][\/vc_row][vc_row][vc_column]<div  class=\"empty-space  marg-lg-b95 marg-sm-b50 marg-xs-b30\"><\/div>[\/vc_column][\/vc_row][vc_row][vc_column]<div  class=\"tt-title\"><div class=\"tt-title-cat\">SOMOS A CG BOX<\/div><h2 class=\"c-h2\"><small>N\u00f3s projetamos grandes solu\u00e7\u00f5es<\/small><\/h2><\/div><div  class=\"empty-space  marg-lg-b40 marg-sm-b30\"><\/div>[vc_row_inner][vc_column_inner width=&#8221;1\/3&#8243; class=&#8221;col-sm-6&#8243;]<div  class=\"tt-service color-1 type-2 clearfix\"><a class=\"tt-service-icon\" href=\"#\" target=\"_self\"><span class=\"lnr lnr-cog\"><\/span><\/a><div class=\"tt-service-info\"><a class=\"tt-service-title c-h4\">ERP<\/a><div class=\"simple-text size-3\"><p>Mobile ready proprietary dedication intuitive. Thought leadership pass the clap hackathon wearables.<\/p>\n<\/div><\/div><\/div><div  class=\"empty-space  marg-lg-b40\"><\/div>[\/vc_column_inner][vc_column_inner width=&#8221;1\/3&#8243;]<div  class=\"tt-service color-1 type-2 clearfix\"><a class=\"tt-service-icon\" href=\"#\" target=\"_self\"><span class=\"lnr lnr-users\"><\/span><\/a><div class=\"tt-service-info\"><a class=\"tt-service-title c-h4\">CRM<\/a><div class=\"simple-text size-3\"><p>Platform omnichannel click bait thought leadership pivot. Disrupt taste makers council emerging.<\/p>\n<\/div><\/div><\/div><div  class=\"empty-space  marg-lg-b40\"><\/div>[\/vc_column_inner][vc_column_inner width=&#8221;1\/3&#8243;]<div  class=\"tt-service color-1 type-2 clearfix\"><a class=\"tt-service-icon\" href=\"#\" target=\"_self\"><span class=\"lnr lnr-bullhorn\"><\/span><\/a><div class=\"tt-service-info\"><a class=\"tt-service-title c-h4\">Automa\u00e7\u00e3o de Marketing Digital<\/a><div class=\"simple-text size-3\"><p>Thought leadership iterative seed money lean content proprietary. Snackable content quiet period.<\/p>\n<\/div><\/div><\/div><div  class=\"empty-space  marg-lg-b40\"><\/div>[\/vc_column_inner][\/vc_row_inner][vc_row_inner][vc_column_inner width=&#8221;1\/3&#8243; class=&#8221;col-sm-6&#8243;]<div  class=\"tt-service color-1 type-2 clearfix\"><a class=\"tt-service-icon\" href=\"#\" target=\"_self\"><span class=\"lnr lnr-pie-chart\"><\/span><\/a><div class=\"tt-service-info\"><a class=\"tt-service-title c-h4\">Business Inteligence<\/a><div class=\"simple-text size-3\"><p>Mobile ready proprietary dedication intuitive. Thought leadership pass the clap hackathon wearables.<\/p>\n<\/div><\/div><\/div>[\/vc_column_inner][vc_column_inner width=&#8221;1\/3&#8243;]<div  class=\"tt-service color-1 type-2 clearfix\"><a class=\"tt-service-icon\" href=\"#\" target=\"_self\"><span class=\"lnr lnr-envelope\"><\/span><\/a><div class=\"tt-service-info\"><a class=\"tt-service-title c-h4\">E-mail Marketing<\/a><div class=\"simple-text size-3\"><p>Platform omnichannel click bait thought leadership pivot. Disrupt taste makers council emerging.<\/p>\n<\/div><\/div><\/div>[\/vc_column_inner][vc_column_inner width=&#8221;1\/3&#8243;]<div  class=\"tt-service color-1 type-2 clearfix\"><a class=\"tt-service-icon\" href=\"#\" target=\"_self\"><span class=\"lnr lnr-code\"><\/span><\/a><div class=\"tt-service-info\"><a class=\"tt-service-title c-h4\">Software<\/a><div class=\"simple-text size-3\"><p>Thought leadership iterative seed money lean content proprietary. Snackable content quiet period.<\/p>\n<\/div><\/div><\/div>[\/vc_column_inner][\/vc_row_inner][\/vc_column][\/vc_row][vc_row][vc_column]<div  class=\"empty-space  marg-lg-b95 marg-md-b50 marg-xs-b30\"><\/div><div class=\"tt-devider\"><\/div><div  class=\"empty-space  marg-lg-b95 marg-md-b50 marg-xs-b30\"><\/div>[\/vc_column][\/vc_row][vc_row][vc_column width=&#8221;1\/2&#8243;]<div  class=\"tt-post-2-info\"><a class=\"tt-post-2-title c-h2\"><small>Use Nossa Aplica\u00e7\u00e3o de Alta Tecnologia<\/small><\/a><div class=\"simple-text\"><p>Para acelerar a transforma\u00e7\u00e3o da sua empresa, voc\u00ea precisa de um aplicativo de neg\u00f3cios com o melhor custo benef\u00edcio. Um que integre todos os setores da sua empresa, que tenha como base dados e <strong>intelig\u00eancia artificial<\/strong> e que o ajude a conquistar novas oportunidades de neg\u00f3cios. Esse \u00e9 o CG ERP.<\/p><\/div><a class=\"c-btn type-2 size-2\" title=\"button\" target=\"_self\" href=\"https:\/\/www.cgbox.com.br\/index.php\/contato\/\"><span>Solicite uma demonstra\u00e7\u00e3o<\/span><\/a><\/div>[\/vc_column][vc_column width=&#8221;1\/2&#8243; class_type=&#8221;sm&#8221;]<img  class=\"img-responsive center-block img-shadow \" src=\"https:\/\/www.cgbox.com.br\/wp-content\/uploads\/2018\/02\/man-warehouse-worker-with-a-tablet-PSNCFY4-e1517523003230.jpg\" alt=\"\">[\/vc_column][\/vc_row][vc_row][vc_column]<div  class=\"empty-space  marg-lg-b95 marg-md-b50 marg-xs-b30\"><\/div><div class=\"tt-devider\"><\/div><div  class=\"empty-space  marg-lg-b95 marg-md-b50 marg-xs-b30\"><\/div>[\/vc_column][\/vc_row][vc_row][vc_column width=&#8221;1\/2&#8243;]<img  class=\"img-responsive center-block img-shadow \" src=\"https:\/\/www.cgbox.com.br\/wp-content\/uploads\/2018\/02\/using-digital-tablet-at-office-PUZWWDW-e1517523184169.jpg\" alt=\"\">[\/vc_column][vc_column width=&#8221;1\/2&#8243; class_type=&#8221;sm&#8221;]<div  class=\"tt-post-2-info\"><a class=\"tt-post-2-title c-h2\"><small>Automa\u00e7\u00e3o de Marketing Digital<\/small><\/a><div class=\"simple-text\"><p>A ferramenta completa para gerenciar e automatizar as a\u00e7\u00f5es de Marketing Digital da sua empresa. Atraia visitantes para o seu site, transforme-os em oportunidades de neg\u00f3cio, feche vendas e monitore todos os seus resultados, otimizando a gest\u00e3o do seu marketing digital.<\/p><\/div><a class=\"c-btn type-2 size-2\" title=\"button\" target=\"_self\" href=\"https:\/\/www.cgbox.com.br\/index.php\/contato\/\"><span>Solicite uma demonstra\u00e7\u00e3o<\/span><\/a><\/div>[\/vc_column][\/vc_row][vc_row][vc_column]<div  class=\"empty-space  marg-lg-b95 marg-md-b50 marg-xs-b30\"><\/div><div class=\"tt-devider\"><\/div><div  class=\"empty-space  marg-lg-b95 marg-md-b50 marg-xs-b30\"><\/div>[\/vc_column][\/vc_row][vc_row][vc_column]<div  class=\"swiper-container\" data-autoplay=\"5000\" data-loop=\"0\" data-speed=\"500\" data-center=\"0\" data-slides-per-view=\"responsive\" data-xs-slides=\"2\" data-sm-slides=\"3\" data-md-slides=\"3\" data-lg-slides=\"4\" data-add-slides=\"5\"><div class=\"swiper-wrapper clearfix\"><div class=\"swiper-slide active\" data-val=\"0\"><div class=\"tt-partner\"><img class=\"img-responsive\" src=\"https:\/\/www.cgbox.com.br\/wp-content\/uploads\/2018\/01\/tim-300x240.png\" alt=\"\"><\/div><\/div><div class=\"swiper-slide active\" data-val=\"0\"><div class=\"tt-partner\"><img class=\"img-responsive\" src=\"https:\/\/www.cgbox.com.br\/wp-content\/uploads\/2018\/01\/uninter-300x240-e1517524491962.png\" alt=\"\"><\/div><\/div><div class=\"swiper-slide active\" data-val=\"0\"><div class=\"tt-partner\"><img class=\"img-responsive\" src=\"https:\/\/www.cgbox.com.br\/wp-content\/uploads\/2018\/01\/senai-300x240.png\" alt=\"\"><\/div><\/div><div class=\"swiper-slide active\" data-val=\"0\"><div class=\"tt-partner\"><img class=\"img-responsive\" src=\"https:\/\/www.cgbox.com.br\/wp-content\/uploads\/2018\/01\/sbt-300x240-e1517524530569.png\" alt=\"\"><\/div><\/div><div class=\"swiper-slide active\" data-val=\"0\"><div class=\"tt-partner\"><img class=\"img-responsive\" src=\"https:\/\/www.cgbox.com.br\/wp-content\/uploads\/2018\/01\/band-300x240-e1517524621795.png\" alt=\"\"><\/div><\/div><div class=\"swiper-slide active\" data-val=\"0\"><div class=\"tt-partner\"><img class=\"img-responsive\" src=\"https:\/\/www.cgbox.com.br\/wp-content\/uploads\/2018\/01\/record-news-300x240-e1517524556806.png\" alt=\"\"><\/div><\/div><div class=\"swiper-slide active\" data-val=\"0\"><div class=\"tt-partner\"><img class=\"img-responsive\" src=\"https:\/\/www.cgbox.com.br\/wp-content\/uploads\/2018\/01\/record-300x240-e1517524569174.png\" alt=\"\"><\/div><\/div><div class=\"swiper-slide active\" data-val=\"0\"><div class=\"tt-partner\"><img class=\"img-responsive\" src=\"https:\/\/www.cgbox.com.br\/wp-content\/uploads\/2018\/01\/igreja-universal-do-reino-de-deus-300x240-e1517524591100.png\" alt=\"\"><\/div><\/div><div class=\"swiper-slide active\" data-val=\"0\"><div class=\"tt-partner\"><img class=\"img-responsive\" src=\"https:\/\/www.cgbox.com.br\/wp-content\/uploads\/2018\/01\/pucpr-300x240.png\" alt=\"\"><\/div><\/div><div class=\"swiper-slide active\" data-val=\"0\"><div class=\"tt-partner\"><img class=\"img-responsive\" src=\"https:\/\/www.cgbox.com.br\/wp-content\/uploads\/2018\/01\/detranpr-300x240-e1517524610671.png\" alt=\"\"><\/div><\/div><div class=\"swiper-slide active\" data-val=\"0\"><div class=\"tt-partner\"><img class=\"img-responsive\" src=\"https:\/\/www.cgbox.com.br\/wp-content\/uploads\/2018\/01\/sky-300x240-e1517524511643.png\" alt=\"\"><\/div><\/div><div class=\"swiper-slide active\" data-val=\"0\"><div class=\"tt-partner\"><img class=\"img-responsive\" src=\"https:\/\/www.cgbox.com.br\/wp-content\/uploads\/2018\/01\/new-era-300x240.png\" alt=\"\"><\/div><\/div><div class=\"swiper-slide active\" data-val=\"0\"><div class=\"tt-partner\"><img class=\"img-responsive\" src=\"https:\/\/www.cgbox.com.br\/wp-content\/uploads\/2018\/01\/baron-leiloes-300x240.png\" alt=\"\"><\/div><\/div><div class=\"swiper-slide active\" data-val=\"0\"><div class=\"tt-partner\"><img class=\"img-responsive\" src=\"https:\/\/www.cgbox.com.br\/wp-content\/uploads\/2018\/01\/imoveisnatv-300x240-e1517524581163.png\" alt=\"\"><\/div><\/div><div class=\"swiper-slide active\" data-val=\"0\"><div class=\"tt-partner\"><img class=\"img-responsive\" src=\"https:\/\/www.cgbox.com.br\/wp-content\/uploads\/2018\/01\/easyja-300x240-e1517524600432.png\" alt=\"\"><\/div><\/div><\/div><div class=\"pagination type-1 visible-xs-block\"><\/div><\/div><div  class=\"empty-space  marg-lg-b100 marg-md-b50 marg-sm-b50 marg-xs-b30\"><\/div>[\/vc_column][\/vc_row][vc_row full_width=&#8221;stretch_row_content&#8221; fluid=&#8221;stretch_row_only&#8221; css=&#8221;.vc_custom_1497774163483{background-image: url(https:\/\/www.cgbox.com.br\/wp-content\/uploads\/2016\/10\/bg-1.jpg?id=73) !important;}&#8221;][vc_column]<div  class=\"tt-banner subscribe-form-style1 style2 type-3 background-block\"><div class=\"container\"><div class=\"empty-space marg-lg-b70 marg-sm-b50 marg-xs-b30\"><\/div><div class=\"row\"><div class=\"col-sm-8 col-sm-offset-2\"><h4 class=\"tt-banner-title c-h2\"><small>Voc\u00ea n\u00e3o caiu de amor ainda?<\/small><\/h4><div class=\"simple-text size-7\"><p>Se inscreva na nossa Newsletter e receba nossas novidades<\/p><\/div><\/div><\/div><div class=\"row\"><div class=\"col-md-8 col-md-offset-2 col-lg-6 col-lg-offset-3\"><div class=\"tt-banner-3-form\"><form method=\"post\" action=\"https:\/\/www.cgbox.com.br\/?na=s\" onsubmit=\"return newsletter_check(this)\"><div class=\"row\"><div class=\"col-sm-7\"><input class=\"c-input type-2 size-3 radius-4\" type=\"email\" required=\"\" name=\"ne\" placeholder=\"Seu e-mail\"><\/div><div class=\"col-sm-5\"><input class=\"newsletter-submit c-btn type-1 full\" type=\"submit\" value=\"Inscrever-se\"><\/div><\/div><\/form><\/div><\/div><\/div><div class=\"empty-space marg-lg-b80 marg-sm-b50 marg-xs-b30\"><\/div><\/div><\/div>[\/vc_column][\/vc_row]<\/p>\n","protected":false},"excerpt":{"rendered":"<p>[vc_row full_width=&#8221;stretch_row_content_no_spaces&#8221; fluid=&#8221;stretch_row_content&#8221;][vc_column][\/vc_column][\/vc_row][vc_row][vc_column][\/vc_column][\/vc_row][vc_row][vc_column][vc_row_inner][vc_column_inner width=&#8221;1\/3&#8243; class=&#8221;col-sm-6&#8243;][\/vc_column_inner][vc_column_inner width=&#8221;1\/3&#8243;][\/vc_column_inner][vc_column_inner width=&#8221;1\/3&#8243;][\/vc_column_inner][\/vc_row_inner][vc_row_inner][vc_column_inner width=&#8221;1\/3&#8243; class=&#8221;col-sm-6&#8243;][\/vc_column_inner][vc_column_inner width=&#8221;1\/3&#8243;][\/vc_column_inner][vc_column_inner width=&#8221;1\/3&#8243;][\/vc_column_inner][\/vc_row_inner][\/vc_column][\/vc_row][vc_row][vc_column][\/vc_column][\/vc_row][vc_row][vc_column width=&#8221;1\/2&#8243;][\/vc_column][vc_column width=&#8221;1\/2&#8243; class_type=&#8221;sm&#8221;][\/vc_column][\/vc_row][vc_row][vc_column][\/vc_column][\/vc_row][vc_row][vc_column width=&#8221;1\/2&#8243;][\/vc_column][vc_column width=&#8221;1\/2&#8243; class_type=&#8221;sm&#8221;][\/vc_column][\/vc_row][vc_row][vc_column][\/vc_column][\/vc_row][vc_row][vc_column][\/vc_column][\/vc_row][vc_row full_width=&#8221;stretch_row_content&#8221; fluid=&#8221;stretch_row_only&#8221; css=&#8221;.vc_custom_1497774163483{background-image: url(https:\/\/www.cgbox.com.br\/wp-content\/uploads\/2016\/10\/bg-1.jpg?id=73) !important;}&#8221;][vc_column][\/vc_column][\/vc_row]<\/p>\n","protected":false},"author":1,"featured_media":0,"parent":0,"menu_order":0,"comment_status":"closed","ping_status":"closed","template":"","meta":[],"yoast_head":"<!-- This site is optimized with the Yoast SEO plugin v20.5 - https:\/\/yoast.com\/wordpress\/plugins\/seo\/ -->\n<title>Home Marketing - CG Box<\/title>\n<meta name=\"robots\" content=\"index, follow, max-snippet:-1, max-image-preview:large, max-video-preview:-1\" \/>\n<link rel=\"canonical\" href=\"https:\/\/www.cgbox.com.br\/\" \/>\n<meta property=\"og:locale\" content=\"pt_BR\" \/>\n<meta property=\"og:type\" content=\"article\" \/>\n<meta property=\"og:title\" content=\"Home Marketing - CG Box\" \/>\n<meta property=\"og:description\" content=\"[vc_row full_width=&#8221;stretch_row_content_no_spaces&#8221; fluid=&#8221;stretch_row_content&#8221;][vc_column][\/vc_column][\/vc_row][vc_row][vc_column][\/vc_column][\/vc_row][vc_row][vc_column][vc_row_inner][vc_column_inner width=&#8221;1\/3&#8243; class=&#8221;col-sm-6&#8243;][\/vc_column_inner][vc_column_inner width=&#8221;1\/3&#8243;][\/vc_column_inner][vc_column_inner width=&#8221;1\/3&#8243;][\/vc_column_inner][\/vc_row_inner][vc_row_inner][vc_column_inner width=&#8221;1\/3&#8243; class=&#8221;col-sm-6&#8243;][\/vc_column_inner][vc_column_inner width=&#8221;1\/3&#8243;][\/vc_column_inner][vc_column_inner width=&#8221;1\/3&#8243;][\/vc_column_inner][\/vc_row_inner][\/vc_column][\/vc_row][vc_row][vc_column][\/vc_column][\/vc_row][vc_row][vc_column width=&#8221;1\/2&#8243;][\/vc_column][vc_column width=&#8221;1\/2&#8243; class_type=&#8221;sm&#8221;][\/vc_column][\/vc_row][vc_row][vc_column][\/vc_column][\/vc_row][vc_row][vc_column width=&#8221;1\/2&#8243;][\/vc_column][vc_column width=&#8221;1\/2&#8243; class_type=&#8221;sm&#8221;][\/vc_column][\/vc_row][vc_row][vc_column][\/vc_column][\/vc_row][vc_row][vc_column][\/vc_column][\/vc_row][vc_row full_width=&#8221;stretch_row_content&#8221; fluid=&#8221;stretch_row_only&#8221; css=&#8221;.vc_custom_1497774163483{background-image: url(https:\/\/www.cgbox.com.br\/wp-content\/uploads\/2016\/10\/bg-1.jpg?id=73) !important;}&#8221;][vc_column][\/vc_column][\/vc_row]\" \/>\n<meta property=\"og:url\" content=\"https:\/\/www.cgbox.com.br\/\" \/>\n<meta property=\"og:site_name\" content=\"CG Box\" \/>\n<meta property=\"article:modified_time\" content=\"2018-02-22T17:53:37+00:00\" \/>\n<meta property=\"og:image\" content=\"https:\/\/www.cgbox.com.br\/wp-content\/uploads\/2018\/02\/logo-sub.png\" \/>\n\t<meta property=\"og:image:width\" content=\"162\" \/>\n\t<meta property=\"og:image:height\" content=\"72\" \/>\n\t<meta property=\"og:image:type\" content=\"image\/png\" \/>\n<meta name=\"twitter:card\" content=\"summary_large_image\" \/>\n<meta name=\"twitter:label1\" content=\"Est. tempo de leitura\" \/>\n\t<meta name=\"twitter:data1\" content=\"4 minutos\" \/>\n<script type=\"application\/ld+json\" class=\"yoast-schema-graph\">{\"@context\":\"https:\/\/schema.org\",\"@graph\":[{\"@type\":\"WebPage\",\"@id\":\"https:\/\/www.cgbox.com.br\/\",\"url\":\"https:\/\/www.cgbox.com.br\/\",\"name\":\"Home Marketing - CG Box\",\"isPartOf\":{\"@id\":\"https:\/\/www.cgbox.com.br\/#website\"},\"datePublished\":\"2016-11-16T08:17:32+00:00\",\"dateModified\":\"2018-02-22T17:53:37+00:00\",\"breadcrumb\":{\"@id\":\"https:\/\/www.cgbox.com.br\/#breadcrumb\"},\"inLanguage\":\"pt-BR\",\"potentialAction\":[{\"@type\":\"ReadAction\",\"target\":[\"https:\/\/www.cgbox.com.br\/\"]}]},{\"@type\":\"BreadcrumbList\",\"@id\":\"https:\/\/www.cgbox.com.br\/#breadcrumb\",\"itemListElement\":[{\"@type\":\"ListItem\",\"position\":1,\"name\":\"In\u00edcio\",\"item\":\"https:\/\/www.cgbox.com.br\/\"},{\"@type\":\"ListItem\",\"position\":2,\"name\":\"Home Marketing\"}]},{\"@type\":\"WebSite\",\"@id\":\"https:\/\/www.cgbox.com.br\/#website\",\"url\":\"https:\/\/www.cgbox.com.br\/\",\"name\":\"CG Box\",\"description\":\"A Sua caixa de Solu\u00e7\u00f5es\",\"publisher\":{\"@id\":\"https:\/\/www.cgbox.com.br\/#organization\"},\"alternateName\":\"CG Box - A Sua caixa de Solu\u00e7\u00f5es\",\"potentialAction\":[{\"@type\":\"SearchAction\",\"target\":{\"@type\":\"EntryPoint\",\"urlTemplate\":\"https:\/\/www.cgbox.com.br\/?s={search_term_string}\"},\"query-input\":\"required name=search_term_string\"}],\"inLanguage\":\"pt-BR\"},{\"@type\":\"Organization\",\"@id\":\"https:\/\/www.cgbox.com.br\/#organization\",\"name\":\"CG Box\",\"url\":\"https:\/\/www.cgbox.com.br\/\",\"logo\":{\"@type\":\"ImageObject\",\"inLanguage\":\"pt-BR\",\"@id\":\"https:\/\/www.cgbox.com.br\/#\/schema\/logo\/image\/\",\"url\":\"https:\/\/www.cgbox.com.br\/wp-content\/uploads\/2018\/02\/logo-sub.png\",\"contentUrl\":\"https:\/\/www.cgbox.com.br\/wp-content\/uploads\/2018\/02\/logo-sub.png\",\"width\":162,\"height\":72,\"caption\":\"CG Box\"},\"image\":{\"@id\":\"https:\/\/www.cgbox.com.br\/#\/schema\/logo\/image\/\"}}]}<\/script>\n<!-- \/ Yoast SEO plugin. -->","yoast_head_json":{"title":"Home Marketing - CG Box","robots":{"index":"index","follow":"follow","max-snippet":"max-snippet:-1","max-image-preview":"max-image-preview:large","max-video-preview":"max-video-preview:-1"},"canonical":"https:\/\/www.cgbox.com.br\/","og_locale":"pt_BR","og_type":"article","og_title":"Home Marketing - CG Box","og_description":"[vc_row full_width=&#8221;stretch_row_content_no_spaces&#8221; fluid=&#8221;stretch_row_content&#8221;][vc_column][\/vc_column][\/vc_row][vc_row][vc_column][\/vc_column][\/vc_row][vc_row][vc_column][vc_row_inner][vc_column_inner width=&#8221;1\/3&#8243; class=&#8221;col-sm-6&#8243;][\/vc_column_inner][vc_column_inner width=&#8221;1\/3&#8243;][\/vc_column_inner][vc_column_inner width=&#8221;1\/3&#8243;][\/vc_column_inner][\/vc_row_inner][vc_row_inner][vc_column_inner width=&#8221;1\/3&#8243; class=&#8221;col-sm-6&#8243;][\/vc_column_inner][vc_column_inner width=&#8221;1\/3&#8243;][\/vc_column_inner][vc_column_inner width=&#8221;1\/3&#8243;][\/vc_column_inner][\/vc_row_inner][\/vc_column][\/vc_row][vc_row][vc_column][\/vc_column][\/vc_row][vc_row][vc_column width=&#8221;1\/2&#8243;][\/vc_column][vc_column width=&#8221;1\/2&#8243; class_type=&#8221;sm&#8221;][\/vc_column][\/vc_row][vc_row][vc_column][\/vc_column][\/vc_row][vc_row][vc_column width=&#8221;1\/2&#8243;][\/vc_column][vc_column width=&#8221;1\/2&#8243; class_type=&#8221;sm&#8221;][\/vc_column][\/vc_row][vc_row][vc_column][\/vc_column][\/vc_row][vc_row][vc_column][\/vc_column][\/vc_row][vc_row full_width=&#8221;stretch_row_content&#8221; fluid=&#8221;stretch_row_only&#8221; css=&#8221;.vc_custom_1497774163483{background-image: url(https:\/\/www.cgbox.com.br\/wp-content\/uploads\/2016\/10\/bg-1.jpg?id=73) !important;}&#8221;][vc_column][\/vc_column][\/vc_row]","og_url":"https:\/\/www.cgbox.com.br\/","og_site_name":"CG Box","article_modified_time":"2018-02-22T17:53:37+00:00","og_image":[{"width":162,"height":72,"url":"https:\/\/www.cgbox.com.br\/wp-content\/uploads\/2018\/02\/logo-sub.png","type":"image\/png"}],"twitter_card":"summary_large_image","twitter_misc":{"Est. tempo de leitura":"4 minutos"},"schema":{"@context":"https:\/\/schema.org","@graph":[{"@type":"WebPage","@id":"https:\/\/www.cgbox.com.br\/","url":"https:\/\/www.cgbox.com.br\/","name":"Home Marketing - CG Box","isPartOf":{"@id":"https:\/\/www.cgbox.com.br\/#website"},"datePublished":"2016-11-16T08:17:32+00:00","dateModified":"2018-02-22T17:53:37+00:00","breadcrumb":{"@id":"https:\/\/www.cgbox.com.br\/#breadcrumb"},"inLanguage":"pt-BR","potentialAction":[{"@type":"ReadAction","target":["https:\/\/www.cgbox.com.br\/"]}]},{"@type":"BreadcrumbList","@id":"https:\/\/www.cgbox.com.br\/#breadcrumb","itemListElement":[{"@type":"ListItem","position":1,"name":"In\u00edcio","item":"https:\/\/www.cgbox.com.br\/"},{"@type":"ListItem","position":2,"name":"Home Marketing"}]},{"@type":"WebSite","@id":"https:\/\/www.cgbox.com.br\/#website","url":"https:\/\/www.cgbox.com.br\/","name":"CG Box","description":"A Sua caixa de Solu\u00e7\u00f5es","publisher":{"@id":"https:\/\/www.cgbox.com.br\/#organization"},"alternateName":"CG Box - A Sua caixa de Solu\u00e7\u00f5es","potentialAction":[{"@type":"SearchAction","target":{"@type":"EntryPoint","urlTemplate":"https:\/\/www.cgbox.com.br\/?s={search_term_string}"},"query-input":"required name=search_term_string"}],"inLanguage":"pt-BR"},{"@type":"Organization","@id":"https:\/\/www.cgbox.com.br\/#organization","name":"CG Box","url":"https:\/\/www.cgbox.com.br\/","logo":{"@type":"ImageObject","inLanguage":"pt-BR","@id":"https:\/\/www.cgbox.com.br\/#\/schema\/logo\/image\/","url":"https:\/\/www.cgbox.com.br\/wp-content\/uploads\/2018\/02\/logo-sub.png","contentUrl":"https:\/\/www.cgbox.com.br\/wp-content\/uploads\/2018\/02\/logo-sub.png","width":162,"height":72,"caption":"CG Box"},"image":{"@id":"https:\/\/www.cgbox.com.br\/#\/schema\/logo\/image\/"}}]}},"_links":{"self":[{"href":"https:\/\/www.cgbox.com.br\/index.php\/wp-json\/wp\/v2\/pages\/317"}],"collection":[{"href":"https:\/\/www.cgbox.com.br\/index.php\/wp-json\/wp\/v2\/pages"}],"about":[{"href":"https:\/\/www.cgbox.com.br\/index.php\/wp-json\/wp\/v2\/types\/page"}],"author":[{"embeddable":true,"href":"https:\/\/www.cgbox.com.br\/index.php\/wp-json\/wp\/v2\/users\/1"}],"replies":[{"embeddable":true,"href":"https:\/\/www.cgbox.com.br\/index.php\/wp-json\/wp\/v2\/comments?post=317"}],"version-history":[{"count":14,"href":"https:\/\/www.cgbox.com.br\/index.php\/wp-json\/wp\/v2\/pages\/317\/revisions"}],"predecessor-version":[{"id":2137,"href":"https:\/\/www.cgbox.com.br\/index.php\/wp-json\/wp\/v2\/pages\/317\/revisions\/2137"}],"wp:attachment":[{"href":"https:\/\/www.cgbox.com.br\/index.php\/wp-json\/wp\/v2\/media?parent=317"}],"curies":[{"name":"wp","href":"https:\/\/api.w.org\/{rel}","templated":true}]}}